{"id":44,"date":"2017-12-06T14:06:59","date_gmt":"2017-12-06T14:06:59","guid":{"rendered":"http:\/\/www.incdmtm.ro\/hexagent\/?page_id=44"},"modified":"2019-01-14T10:42:19","modified_gmt":"2019-01-14T10:42:19","slug":"parteneri","status":"publish","type":"page","link":"https:\/\/incdmtm.ro\/siramand\/parteneri\/","title":{"rendered":"Parteneri"},"content":{"rendered":"<p style=\"font-weight: 400;\">Proiectul complex SIRAMAND este realizat de un consor\u021biu format din:<\/p>\n<p style=\"font-weight: 400;\">\n<ol>\n<li style=\"font-weight: 400;\">Institu\u021bia coordonatoare IC: Institutul Na\u0163ional de Cercetare Dezvoltare pentru Mecatronic\u0103 \u015fi Tehnica M\u0103sur\u0103rii &#8211; INCDMTM Bucure\u0219ti<\/li>\n<\/ol>\n<p style=\"font-weight: 400;\">Director proiect complex\/ Director proiect component 1: Dr. Ing. Mihai M\u0103rg\u0103ritescu<\/p>\n<p style=\"font-weight: 400;\">\n<ol start=\"2\">\n<li style=\"font-weight: 400;\">Partener P1: Universitatea Tehnic\u0103 din Cluj-Napoca<\/li>\n<\/ol>\n<p style=\"font-weight: 400;\">Responsabil P1\/ Director proiect component 2: Prof. Dr. Ing. Cornel Bri\u0219an<\/p>\n<p style=\"font-weight: 400;\">\n<ol start=\"3\">\n<li style=\"font-weight: 400;\">Partener P2: Institutul de Mecanica Solidelor al Academiei Rom\u00e2ne<\/li>\n<\/ol>\n<p style=\"font-weight: 400;\">Responsabil P2\/ Director proiect component 3: Dr. Ing. Dan Dumitriu<\/p>\n","protected":false},"excerpt":{"rendered":"<p>Proiectul complex SIRAMAND este realizat de un consor\u021biu format din: Institu\u021bia coordonatoare IC: Institutul Na\u0163ional de Cercetare Dezvoltare pentru Mecatronic\u0103 \u015fi Tehnica M\u0103sur\u0103rii &#8211; INCDMTM Bucure\u0219ti Director proiect complex\/ Director proiect component 1: Dr. Ing. Mihai M\u0103rg\u0103ritescu Partener P1: Universitatea<\/p>\n","protected":false},"author":1,"featured_media":0,"parent":0,"menu_order":0,"comment_status":"closed","ping_status":"closed","template":"","meta":[],"_links":{"self":[{"href":"https:\/\/incdmtm.ro\/siramand\/wp-json\/wp\/v2\/pages\/44"}],"collection":[{"href":"https:\/\/incdmtm.ro\/siramand\/wp-json\/wp\/v2\/pages"}],"about":[{"href":"https:\/\/incdmtm.ro\/siramand\/wp-json\/wp\/v2\/types\/page"}],"author":[{"embeddable":true,"href":"https:\/\/incdmtm.ro\/siramand\/wp-json\/wp\/v2\/users\/1"}],"replies":[{"embeddable":true,"href":"https:\/\/incdmtm.ro\/siramand\/wp-json\/wp\/v2\/comments?post=44"}],"version-history":[{"count":4,"href":"https:\/\/incdmtm.ro\/siramand\/wp-json\/wp\/v2\/pages\/44\/revisions"}],"predecessor-version":[{"id":181,"href":"https:\/\/incdmtm.ro\/siramand\/wp-json\/wp\/v2\/pages\/44\/revisions\/181"}],"wp:attachment":[{"href":"https:\/\/incdmtm.ro\/siramand\/wp-json\/wp\/v2\/media?parent=44"}],"curies":[{"name":"wp","href":"https:\/\/api.w.org\/{rel}","templated":true}]}}